ainder when 1623342 is divided by 5503.
5460
What is the remainder when 40585389 is divided by 1492?
5
What is the remainder when 153247 is divided by 306?
247
What is the remainder when 1462464 is divided by 112487?
133
Calculate the remainder when 14034094 is divided by 205.
204
Calculate the remainder when 170341956 is divided by 352.
4
Calculate the remainder when 38981 is divided by 37241.
1740
What is the remainder when 238217 is divided by 33129?
6314
What is the remainder when 1923653 is divided by 641183?
104
Calculate the remainder when 77849 is divided by 25331.
1856
What is the remainder when 123196 is divided by 123176?
20
Calculate the remainder when 454516 is divided by 3730.
3186
Calculate the remainder when 171887 is divided by 85654.
579
What is the remainder when 1042877778 is divided by 4?
2
What is the remainder when 168259320 is divided by 14?
12
What is the remainder when 150692 is divided by 15048?
212
What is the remainder when 7946796 is divided by 2356?
8
What is the remainder when 11577884 is divided by 135?
14
What is the remainder when 468592818 is divided by 95?
93
What is the remainder when 743158 is divided by 983?
10
What is the remainder when 3534743 is divided by 74?
59
Calculate the remainder when 839392 is divided by 1030.
972
What is the remainder when 15911837 is divided by 40?
37
What is the remainder when 10958858 is divided by 44?
42
Calculate the remainder when 683914 is divided by 56991.
22
What is the remainder when 1191086 is divided by 55?
6
Calculate the remainder when 19724029 is divided by 63218.
13
What is the remainder when 2580422 is divided by 8488?
70
What is the remainder when 1632626 is divided by 107?
20
What is the remainder when 336693 is divided by 112220?
33
Calculate the remainder when 8855503 is divided by 34.
33
What is the remainder when 6179020 is divided by 849?
847
What is the remainder when 14679 is divided by 1178?
543
What is the remainder when 24563408 is divided by 24563372?
36
What is the remainder when 60423 is divided by 11955?
648
Calculate the remainder when 1470288 is divided by 1470279.
9
Calculate the remainder when 80982 is divided by 1305.
72
Calculate the remainder when 29444619 is divided by 3563.
3550
What is the remainder when 7397032 is divided by 2?
0
What is the remainder when 486205737 is divided by 2484?
2481
What is the remainder when 847811 is divided by 212?
23
What is the remainder when 143072471 is divided by 68?
63
Calculate the remainder when 1739973269 is divided by 14.
13
Calculate the remainder when 36381459 is divided by 885.
879
Calculate the remainder when 45100 is divided by 14294.
2218
Calculate the remainder when 34679 is divided by 2832.
695
What is the remainder when 91999 is divided by 30572?
283
Calculate the remainder when 18204935 is divided by 288967.
14
Calculate the remainder when 27728 is divided by 6855.
308
What is the remainder when 15398789 is divided by 165?
164
Calculate the remainder when 39237 is divided by 63.
51
Calculate the remainder when 3136797 is divided by 1045589.
30
Calculate the remainder when 26994967 is divided by 548.
487
Calculate the remainder when 1964981 is divided by 130998.
11
What is the remainder when 6387365 is divided by 138855?
35
What is the remainder when 344048 is divided by 275?
23
What is the remainder when 580623 is divided by 18729?
24
Calculate the remainder when 93082701 is divided by 312.
309
What is the remainder when 280442 is divided by 21567?
71
Calculate the remainder when 224945886 is divided by 736.
734
What is the remainder when 2627636 is divided by 437939?
2
Calculate the remainder when 20046077 is divided by 784.
765
What is the remainder when 591897 is divided by 591581?
316
What is the remainder when 560795 is divided by 235?
85
What is the remainder when 332715 is divided by 854?
509
Calculate the remainder when 175434 is divided by 411.
348
Calculate the remainder when 3780038 is divided by 1889965.
108
Calculate the remainder when 3104678 is divided by 28747.
2
Calculate the remainder when 41064887 is divided by 33.
17
What is the remainder when 26209080 is divided by 7097?
6956
What is the remainder when 40714046 is divided by 1472?
1470
What is the remainder when 861678 is divided by 5856?
846
Calculate the remainder when 1638682 is divided by 409649.
86
Calculate the remainder when 2014651 is divided by 40.
11
What is the remainder when 696017 is divided by 1571?
64
What is the remainder when 233761 is divided by 2068?
77
Calculate the remainder when 2143220 is divided by 3354.
14
Calculate the remainder when 1140483 is divided by 928.
899
What is the remainder when 1593981 is divided by 796967?
47
Calculate the remainder when 146146 is divided by 36445.
366
What is the remainder when 665943 is divided by 184?
47
What is the remainder when 5478394 is divided by 462?
460
What is the remainder when 150508 is divided by 13475?
2283
What is the remainder when 663891 is divided by 73764?
15
Calculate the remainder when 20312 is divided by 9556.
1200
What is the remainder when 158791 is divided by 579?
145
What is the remainder when 1903556 is divided by 634512?
20
Calculate the remainder when 281949 is divided by 570.
369
What is the remainder when 44992 is divided by 4072?
200
What is the remainder when 29886247 is divided by 2238?
2233
What is the remainder when 7649405 is divided by 956074?
813
What is the remainder when 813521 is divided by 150?
71
What is the remainder when 155606 is divided by 8039?
2865
What is the remainder when 683770 is divided by 3151?
3
What is the remainder when 3137608 is divided by 62750?
108
Calculate the remainder when 793059 is divided by 1209.
1164
Calculate the remainder when 10566 is divided by 5853.
4713
Calculate the remainder when 117628 is divided by 39208.
4
Calculate the remainder when 2903738 is divided by 3735.
1643
What is the remainder when 1798736 is divided by 18?
14
What is the remainder when 559964 is divided by 5023?
2411
Calculate the remainder when 2195328 is divided by 6925.
103
What is the remainder when 970893 is divided by 20653?
202
Calculate the remainder when 2198310 is divided by 540.
510
What is the remainder when 254831 is divided by 6238?
5311
What is the remainder when 14244123 is divided by 990?
3
Calculate the remainder when 104078 is divided by 10.
8
Calculate the remainder when 1816599 is divided by 6728.
39
What is the remainder when 1030433 is divided by 343417?
182
What is the remainder when 846247 is divided by 423093?
61
Calculate the remainder when 23645886 is divided by 626.
614
Calculate the remainder when 30399620 is divided by 347.
338
What is the remainder when 1530955 is divided by 1217?
1186
What is the remainder when 769811 is divided by 863?
15
Calculate the remainder when 2541601 is divided by 2980.
2641
Calculate the remainder when 62684 is divided by 3843.
1196
What is the remainder when 153101 is divided by 858?
377
What is the remainder when 4836767 is divided by 414?
5
Calculate the remainder when 1738014 is divided by 289668.
6
Calculate the remainder when 5689235 is divided by 4084.
223
Calculate the remainder when 85278 is divided by 65.
63
Calculate the remainder when 22016 is divided by 875.
141
Calculate the remainder when 1150582 is divided by 2283.
2233
What is the remainder when 5188090 is divided by 324254?
26
What is the remainder when 136140574 is divided by 844?
842
What is the remainder when 21322511 is divided by 10661254?
3
What is the remainder when 1302402 is divided by 260475?
27
What is the remainder when 388431085 is divided by 97107767?
17
Calculate the remainder when 424127 is divided by 79.
55
What is the remainder when 551152 is divided by 544829?
6323
What is the remainder when 1775766 is divided by 18680?
1166
Calculate the remainder when 114175977 is divided by 2261.
2260
What is the remainder when 145609749 is divided by 29121948?
9
Calculate the remainder when 380760 is divided by 12988.
4108
What is the remainder when 8624481 is divided by 43?
14
Calculate the remainder when 2514390 is divided by 2513628.
762
What is the remainder when 15774 is divided by 5108?
450
What is the remainder when 386252 is divided by 83?
53
Calculate the remainder w